= -5*m - 4143 + 2120 - m**3 + 18*m**2 + 2063 + 4*m - m. Calculate g(18).
4
Let t(p) be the second derivative of 11*p**3/6 - 28*p**2 + 31*p + 5. Calculate t(6).
10
Let f(r) = -207*r**3 - 47*r**2 + 90*r + 116. Let g(m) = 59*m**3 + 16*m**2 - 30*m - 39. Let p(b) = 2*f(b) + 7*g(b). Give p(16).
-9
Let y(n) = n**3 + 2*n**2 - 4*n + 1. Let u = -27 + 30. Let s(p) = 12*p + 93 - p**u - 10*p**2 - 3*p - 118. Let o be s(-11). Determine y(o).
4
Let u = -2453 + 2452. Let w(m) = 10*m**2 - 2*m - 2. Determine w(u).
10
Let f(a) = a**3 - 7*a**2 + 8*a. Let k be (-10)/(-25) - (924/35 - -4). Let l(t) = t + 3. Let w be l(-5). Let c be k/w*8/20. Calculate f(c).
12
Let z(o) = 2*o**2 + o + 4. Suppose -2730*v = -2740*v + 30. Calculate z(v).
25
Let o = -2419 - -2423. Let g(q) = -2*q**2 - q + 10. What is g(o)?
-26
Let j(u) = -2*u + 19. Let v be ((2/8)/(10/(-90)))/((-6)/16). What is j(v)?
7
Let n(j) = 12*j**2 + j - 2. Let x(i) = i**3 + 64*i**2 - 117*i + 991. Let c be x(-66). Determine n(c).
11
Let m(u) = 79*u**3 + 13*u**2 + 15*u - 1. Let w(s) = 92*s**3 + 14*s**2 + 16*s - 1. Let g(n) = 7*m(n) - 6*w(n). Give g(-4).
11
Let d(m) = -9*m**2 - 10*m + 10. Let z(x) = -40*x**2 - 42*x + 40. Let u(s) = 9*d(s) - 2*z(s). What is u(-7)?
3
Let x(v) be the first derivative of 28*v**3/3 - v**2/2 - 161. What is x(-1)?
29
Let p(w) = -w**2 + 18*w - 50. Let y = 4574 - 4570. Calculate p(y).
6
Let j(o) be the third derivative of -o**6/60 - 7*o**5/60 - o**4/12 + o**3/3 + 82*o**2. Suppose 2*k - 4*l = -22, 4*k - 2*k - 2*l + 14 = 0. Calculate j(k).
-1
Let n be (-4 + 3)/(5/(-15)). Suppose -2*y + 5*t = -0*y - 29, n*t + 2 = -y. Let f(k) = k**2 - 7*k. What is f(y)?
0
Let t(b) = b**3 - 76*b**2 + 156*b - 6065. Let u be t(75). Let g(k) = -k**2 + 11*k - 5. What is g(u)?
5
Let i = 4207 + -4185. Let r(z) = -2*z + 31. Give r(i).
-13
Let s(b) = 5*b**3 + 13*b**2 + 10*b - 5. Let h(t) = -4*t**3 - 11*t**2 - 8*t + 2. Let y(r) = -4*h(r) - 3*s(r). Determine y(-5).
-3
Let s(d) = d**2 + 6*d - 78. Let k be s(-13). Let f(o) = 11*o - k*o + 12*o. Give f(1).
10
Let x(h) be the first derivative of h**2/2 + 5*h + 137. Determine x(-2).
3
Suppose 13*a - 34 = -73. Let n(p) = p**3 + 6*p**2 + 5*p + 4. What is n(a)?
16
Let n(z) = 6*z**2 - 5 - 8*z**2 - 4*z + 3*z**2. Suppose 4*s = -365 - 63. Let u = 111 + s. Determine n(u).
-5
Let f(x) = -68*x**3 + 2*x**2 - 3*x + 2. Let u = 13789 - 13788. Determine f(u).
-67
Let y(f) be the third derivative of -f**4/8 - 2*f**3/3 + 2*f**2. Let t(w) = 4*w + 4. Let r = 2664 + -2670. Let l(g) = r*y(g) - 5*t(g). What is l(3)?
-2
Let m(u) = -50*u**2 + 4*u - 4. Let x(t) = -t**2 - 668*t + 4045. Let n be x(6). What is m(n)?
-50
Suppose -b + 3*y - 8 = -5*b, -5*b = -4*y - 10. Suppose -b*p = -3*g + 25, -2*g + 1 = 2*p - 9. Let x(o) = -o**3 + 6*o**2 + 4*o + 9. Determine x(g).
-12
Let s(n) = 2 + 2*n + 14*n - 14*n - 12*n. Determine s(-2).
22
Let f(q) = 15*q - 72. Let l be f(5). Let h(x) = -360*x**2 + 183*x**2 + 179*x**2 + x**l - 1. What is h(2)?
15
Let o = 45 + -2. Suppose -39 = x - o. Let k be (-2)/(-4)*(x - -10). Let y(n) = n**3 - 8*n**2 + 7*n - 2. Determine y(k).
-2
Let g(o) = 37*o**2 + 60*o - 47. Let c(l) = -11*l**2 - 19*l + 16. Let a(i) = 10*c(i) + 3*g(i). What is a(9)?
10
Suppose b - 6*b + 0*r = 2*r, 3*b = 4*r. Let t(a) = -2*a**2 + a - 80. What is t(b)?
-80
Let b(u) be the third derivative of u**5/30 + u**4/6 - 4*u**3/3 - 3*u**2 + 653. What is b(0)?
-8
Suppose g - 2 - 2 = 0. Suppose -5*k + 2*k - 30 = -4*j, -j + g = k. Let m(l) = -l**2 + 4*l + 1. What is m(j)?
-11
Let p(x) = -17*x**3 + 3*x + 2*x**2 - 5*x**2 + 6*x**2 + 35 + 3*x + 18*x**3. Determine p(-4).
-5
Suppose 0 = -3*i + 5*c + 18 - 6, 3*c = -i + 4. Suppose 0 = i*s - 5*s + 63. Suppose -51 = 2*o - s. Let h(q) = -2*q - 8. Determine h(o).
-20
Let i(b) be the first derivative of 0*b + 1/8*b**4 + 1/60*b**5 + 1/2*b**2 - 5 + 1/6*b**3. Let p(c) be the second derivative of i(c). Calculate p(-3).
1
Let a(r) be the first derivative of -r**3/3 + 7*r**2/2 + 4*r - 1972. What is a(8)?
-4
Let g(d) = 3*d**2 + 2*d - 97. Let h(v) = -3*v**2 - 2*v + 81. Let x(w) = 5*g(w) + 6*h(w). Determine x(4).
-55
Let y = 176 - 164. Let r = y - 14. Let u(o) = 2*o**3 + 4*o**2 + 2*o - 2. Determine u(r).
-6
Let o(w) = 2*w**3 + 12*w**2 - 18*w - 19. Let j be o(-7). Let u(c) = c**3 - 9*c**2 + 4*c + 7. Calculate u(j).
43
Let g = 106 + -106. Suppose -2*x + b + 1 = g, b - 17 = x - 3*b. Let z(i) = 10*i - x - 3*i - 11*i. Determine z(3).
-15
Let p(l) = -38*l + 1155. Let r be p(31). Let y(a) = 19 - 2*a - 56 - 14. Let b be y(r). Let f(x) = x**2 + 3*x - 2. Calculate f(b).
8
Let w(i) = -19*i + 70. Let r(h) = -58*h + 208. Let g(u) = 12*r(u) - 40*w(u). What is g(5)?
16
Let r(q) = -q**3 - 2*q**2 + 5*q + 1. Let t be 6 + -2 + 5/(-1). Let k be 1*(2 + -7)*t. Suppose v = 3*l + 5, -8*v - 2*l - 18 = -k*v. Calculate r(v).
13
Suppose -4*w = -4, 3*t - 10 = -2*w - 2*w. Let j(f) = -2*f + 4. Let g be j(t). Let x(m) = 19 + 7*m + 15*m - 8 - 23*m. What is x(g)?
11
Let r = 18763 + -18767. Let k(s) = s**3 - s**2 - 6*s - 9. Give k(r).
-65
Suppose -5*s + 6*s + 4*d = -6, 4*d = 5*s - 18. Suppose 6*o - 128 = -s*o. Let j be 5/4 + o/(-64). Let a(m) = 2*m**2 - 1. Give a(j).
1
Let y(s) = -2*s**2 - 3*s - 106. Let i(f) = -5*f**2 - 9*f - 295. Let l(g) = -3*i(g) + 8*y(g). Give l(9).
-17
Let p be (-13 + (-114)/6)/2. Let n(c) = c**3 + 18*c**2 + 33*c + 10. Calculate n(p).
-6
Let t(y) = 29*y + 1855. Let z(w) = 12*w + 617. Let g(q) = 2*t(q) - 7*z(q). Calculate g(-24).
15
Let i(r) = r + 5. Let d(b) = -4*b**2 - 2 - 2*b + 4*b**2 - b**3 + 2*b**2. Suppose 136*a - 13*a = 103 + 143. Let y be d(a). Determine i(y).
-1
Suppose 0 = 40*t - 25*t - 2655. Let b(i) = i + 0*i - i**2 + 86 - t + 94. What is b(2)?
1
Suppose -24*n = -234*n + 1680. Let l(j) be the third derivative of -j**4/8 - 2*j**3/3 - j**2. Determine l(n).
-28
Let m be -11 + 7 + (-6 - -6). Let q(s) = -9*s - 19. Let c(h) = 5*h + 10. Let k(v) = -11*c(v) - 6*q(v). Calculate k(m).
8
Let j = 4307 - 4320. Let m(u) = -u**3 - 13*u**2 - u - 24. Determine m(j).
-11
Suppose -2 + 6 = 4*v. Let m(c) = 0*c - c + v - 3*c**3 - 5*c**2 + 4*c**3. Suppose 0 = 295*t + 158*t - 2265. Give m(t).
-4
Let c(i) = -i**3 + 7*i**2 - 6*i - 3. Let h(a) = -a**2 + 6*a + 22. Suppose 2*m - 64 = -2*m. Suppose -11*n + m = -9*n. Let v be h(n). Give c(v).
-3
Suppose -6 = 4*i - 7*i, -4*i + 286 = 2*c. Let x = c + -138. Let a(v) = 19*v**3 + v**2 - 2*v + 1. What is a(x)?
19
Let i(s) = 116 + 20*s**2 - 16*s**2 - s - 118. Let l = 351 - 353. Determine i(l).
16
Suppose 0 = -3*u + 2*u - 3. Let c(a) = 5*a**3 - 8*a**2 - 8*a - 43. Let b(m) = -4*m**3 + 7*m**2 + 7*m + 36. Let v(z) = -6*b(z) - 5*c(z). Determine v(u).
14
Let z(k) = -k**2 - 44*k + 7. Suppose 11 + 5 = -3*y + 16. Calculate z(y).
7
Let z(o) = -23*o - 9. Suppose 4*n = p + 42 - 49, -3*n + 4*p - 2 = 0. Determine z(n).
37
Let b(h) = -h**2 - 93*h + 392. Let v be b(-97). Let y(q) be the second derivative of -1/12*q**v - 9/2*q**2 + 0 - 24*q + 0*q**3 + 1/20*q**5. What is y(0)?
-9
Let o(a) = -8*a + 84. Let w be o(9). Let b(u) = u**2 - 17*u + 63. Let r be b(w). Let d(g) = -2*g**2 + 6*g - 7. Determine d(r).
-7
Let w(b) = 3*b**2 + 17*b - 14. Let t(d) = 2*d**2 + 8*d - 7. Let f(o) = 5*t(o) - 3*w(o). Let z be (363/132*-2)/((-1)/2). Calculate f(z).
7
Let t(v) be the first derivative of 25 + 1/2*v**2 + 2*v. Give t(7).
9
Let q(v) = -9*v**2 + 9*v - 14. Let y(p) = 4*p**2 - 5*p + 8. Let a(j) = -3*q(j) - 5*y(j). Determine a(1).
7
Let u(p) = -p**2 - 5*p + 31. Let c be ((-2)/4)/((-22)/(-396)). What is u(c)?
-5
Let p(k) = 2*k**3 + 3*k**2 - 2*k + 4. Let a be (0 - 1/1)/((-1)/3). Let s(x) = x + 5. Let f be s(a). Suppose f = 8*j + 32. Determine p(j).
-17
Let y be 1/(-2) + 49/14. Let g(l) = -l - 1. Let f(a) = -2*a - 1. Let s be ((-18)/(-27))/(2/(-9)). Let z(i) = s*f(i) + 5*g(i). Give z(y).
1
Let d(y) = 2*y**2 + 11*y - 175. Let n be (-58 + 93)*(-2)/(-10). What is d(n)?
0
Let b = 2214 + -2200. Let g(n) = n**3 - 15*n**2 + 12*n - 6. Give g(b).
-34
Let h(n) = n**2 - 7*n + 5. Let s = 85 + -83. Suppose 4*c = c + x - 204, -2*x = s*c + 144. Let v = c + 74. What is h(v)?
-5
Let b(p) be the first derivative of -6*p + p**3 + 115 - 1/4*p**4 + 5/2*p**2. Let m = 6 + -2. What is b(m)?
-2
Let c(y) = y**3 - 30*y**2 - y + 33. Let d be c(30). Suppose -d*g + 24 = 2*m, -5*m - g + 5 + 55 = 0. Let o(s) = s**3 - 13*s**2 + 14*s - 15. Determine o(m